 3*s**q - 3*s**2 - s**2 - 5*s. Determine w(6).
-3
Let b = 160 - 159. Let j(o) = 3*o**3 + o**2 - 1. What is j(b)?
3
Let f(i) = 16*i + 247. Let x be f(-16). Let b(r) = r**3 + 9*r**2 - 2*r - 6. Calculate b(x).
12
Let g(k) = -k - 1. Suppose 0 = 11*m - 28*m + 119. Calculate g(m).
-8
Let l = -26 + 29. Let d(s) = s**3 + 38*s**2 - 17*s**2 - 5*s - 24*s**2 - l. Give d(4).
-7
Let n(o) = 3*o**2 - 9*o + 4. Let a(m) = 7*m**2 - 18*m + 10. Let x(c) = 4*a(c) - 9*n(c). Determine x(-5).
-16
Let t(f) be the first derivative of -5*f - 6 - 1/4*f**4 - 5/3*f**3 - 1/2*f**2. Determine t(-5).
0
Let i(q) = 5*q**3 - 23*q**2 + 4*q + 15. Let f(j) = 3*j**3 - 12*j**2 + 2*j + 7. Let a(o) = 7*f(o) - 4*i(o). Calculate a(-8).
5
Suppose c + 1 = 0, -3*y + 2 = -4*c + 16. Let z(u) = -u**2 - 5*u + 3. Calculate z(y).
-3
Let x be (3/(-2) - -2)*(6 + 0). Let r(l) = 4 + 8 - l**x - 5 + 5*l**2 - 3 - 6*l. Suppose -2*m + 10 = b, 4*b + m - 10 = 3*m. Give r(b).
-4
Let m(g) = -7*g - 9 + 13*g + 0*g - 4*g - 3*g. Calculate m(-4).
-5
Suppose 37*p - 38*p = 35. Let h = p + 36. Let r be h*0/(5 - 3). Let x(q) = q - 15. Calculate x(r).
-15
Let z = -6 - -6. Suppose z = 6*q - 2*q - 12. Let l(j) = -q*j - 13 - j**2 - 13 + 33. Calculate l(-5).
-3
Let w = 12 + -6. Let v(y) be the second derivative of y**6/360 - 7*y**5/120 + y**4/3 - y**3/3 + 11*y. Let p(z) be the second derivative of v(z). Give p(w).
2
Let b(u) = -2*u**2 + 4*u - 3. Suppose 2*g + 2*f = 2, 0 - 5 = -3*g - 2*f. Let o(k) = -k**2 + 4*k - 2. Let v(a) = g*o(a) - 2*b(a). Calculate v(-5).
5
Let w(y) = -y**3 + 35*y**2 + 33*y + 117. Let r be w(36). Let v(d) = d**3 - 10*d**2 + 10*d - 4. Calculate v(r).
5
Let u(j) = 0*j**2 + 3*j**2 + j**3 - 3*j - 3*j**2 + 3*j**2 + 4. Let b = 3448 + -3452. Calculate u(b).
0
Let u(b) = 10*b - 16. Let x(t) = 15*t - 21. Let p(r) = 7*u(r) - 5*x(r). Determine p(2).
-17
Let n(v) = 9*v**2 + v**3 + 3 + 8528*v - 20 - 8522*v. Calculate n(-8).
-1
Let g = 26 + -26. Suppose 29 = -2*f - 5*n, n + 0*n + 5 = g. Let w(d) = 2*d**3 + 2*d**2 - d - 1. Determine w(f).
-7
Let l(k) = 2*k**2 + k**2 + 46 - 96 + 5*k + 47. Let s(w) = -6 + 9*w + w**2 + 7*w**2 - w**2. Let m(q) = -5*l(q) + 2*s(q). Calculate m(-8).
-5
Let l(p) be the second derivative of -p**5/20 + 7*p**4/12 - 5*p**3/6 + p**2 - 78*p. Determine l(6).
8
Let y(x) = -16 + 0 + 2*x + 5 + 6. Let k(b) = b**2 + 3*b + 2. Let g be k(-3). Suppose m - 3 - g = 0. What is y(m)?
5
Let i = 503 + -510. Let u(j) = j**3 + 6*j**2 - 2*j - 5. Give u(i).
-40
Let d(u) be the first derivative of -3*u**2 - 5*u - 85. Give d(4).
-29
Let s(c) = c**2 - 19*c + 40. Let m be s(17). Let i be (15/m)/((-20)/(-32)). Let a(r) = -r**3 + 5*r**2 + 2. Determine a(i).
18
Let b(x) be the second derivative of x**5/20 - x**4/2 - x**3 - 5*x**2/2 - x. Let k be b(7). Let t(s) = 2 + 23*s**2 - 21*s**k - 7 + 7*s - s**3. Calculate t(4).
-9
Let q(y) = y**2 + 3*y - 21. Let f = 1840 + -1847. What is q(f)?
7
Let p(m) = 5*m + 0*m**2 - 4 + 1 + m**2. Let g(h) = -2*h**2 + 5. Let q be g(-8). Let r = -126 - q. Determine p(r).
-9
Let s = 23 - 29. Let w(d) = -2*d**2 - 13*d + 1. Let z be w(s). Let r(q) = q**2 + 0*q**2 - q**2 + z + q + q**3. Determine r(0).
7
Suppose -2*d + 6 = d + g, 5*d = -2*g + 9. Let a(c) = -3*c + 2 - 4 + 5*c - 2. What is a(d)?
2
Let p(u) be the first derivative of -u**4/4 + 16*u**3/3 - 8*u**2 + 6*u + 218. Give p(15).
-9
Let q(x) = -3*x**2 - 10*x - 4. Let n be q(-3). Let k(i) = 22*i**2 - 1. Give k(n).
21
Suppose -8 = 3*n + n. Let o(w) = 17*w + 1. Let h(u) be the third derivative of -3*u**4/8 - u**3/6 + 3*u**2. Let v(i) = 5*h(i) + 3*o(i). What is v(n)?
-14
Let j(g) = -g**2 + 3*g + 2. Let t(s) = -4*s**2 + 24*s + 8. Let n(r) = 5*j(r) - t(r). Determine n(-7).
16
Let z(u) = -u. Suppose 4*h + 2*y = 30, -y - 2*y + 21 = 3*h. Let a = h - 4. Suppose 4*t - 2*i = -10, 0*t + i + 25 = -a*t. Calculate z(t).
5
Let v be (15/(-6))/(140/(-112)). Let r(d) = -2*d**2 - d - 1. Determine r(v).
-11
Let j be (-117)/72 + 2 + 76/(-32). Let z(o) = -2*o**2 - 2*o - 2. Give z(j).
-6
Let c(t) = t**2 + 5*t - 7. Suppose 3*h = -2*h + 30. Suppose k + 64 = 4*s + h*k, 4*s - 4*k = 64. Suppose -14 - s = 5*a. Determine c(a).
-1
Let y(n) be the second derivative of -n**5/20 + 5*n**4/12 - 5*n**3/6 + n**2 + 19*n. Let m be (2/(-4))/(3/(-24)). Give y(m).
-2
Let p(h) = -1 + 6*h - 8*h + 6*h - h. Let t(j) = 6*j**3 - 2*j + 1. Let l = 12 - 11. Let d be t(l). What is p(d)?
14
Let b = 2 + -2. Let m = 2 - b. Let v(p) be the second derivative of -p**5/20 + p**4/4 + p**3/2 - 3*p**2/2 + 589*p + 1. Calculate v(m).
7
Suppose 3*s - 5*h - 10 = 0, -h + 88 = 93. Let x(q) = 2*q**2 + 10*q + 4. Give x(s).
4
Let z be (-11)/4 - (72/32 - 2). Let j(k) = 2*k**2 + 4*k + 3. Give j(z).
9
Let f(k) = -k**3 - 5*k**2 - 6*k - 4. Suppose 12 = -86*c + 83*c. Calculate f(c).
4
Let p(k) = -3*k**2 + 40*k - 49. Let d be p(12). Let n(t) = 2*t**2 - 6*t - 2. Determine n(d).
6
Let l(b) = -b**3 + b**2 + 2*b + 2. Suppose -10*a - 6 = -12*a. Give l(a).
-10
Let v = -33 + 35. Let m(y) = 5*y - 49*y**2 + 48*y**v + 0*y. Give m(4).
4
Let c(j) be the third derivative of -j**5/60 + j**4/24 - j**3/2 - 12*j**2 + 2. What is c(3)?
-9
Let l(o) = o**2 - 11*o + 6. Let c be 1 + (-8)/(-6) + (-47)/141. Let s be 11 - 6/(c + 0). What is l(s)?
-18
Let o(l) = l**2 - l + 37. Let d be (-45)/(-90) + 1/(-2). Determine o(d).
37
Let z be 1 - (-2)/(-3)*3. Let h(d) be the first derivative of -4 + d**2 + d - 1/3*d**3. Determine h(z).
-2
Let k be -7 - (-8)/24*6. Let o(g) = -g**3 - 4*g**2 + 4*g - 6. Give o(k).
-1
Suppose 2*p = 17 - 5. Suppose -2*x + x - 18 = 2*b, b + 3*x = -14. Let c(s) = 5*s + 12. Let u(h) = 3*h + 8. Let m(a) = b*u(a) + 5*c(a). Determine m(p).
2
Suppose 8*g + 81 = -19*g. Let b(u) = u**2 - 2*u. Give b(g).
15
Let c(l) be the third derivative of l**5/60 - l**4/12 + 2*l**3/3 - 4*l**2. Let p be 1/(-6*6/(-108)). What is c(p)?
7
Let p(j) = 8*j + 41. Let i = 2497 - 2503. What is p(i)?
-7
Let c(f) = -6*f - 2 + 2*f - 3*f + 6*f. Calculate c(-5).
3
Let p(a) = a**2 - a + 8. Let y be p(0). Suppose -5*v + y = -7. Let z(q) be the third derivative of q**4/12 + 8*q**2. Calculate z(v).
6
Let n(l) = -3*l - 3. Let y be -6*2/(-3) - 4. Let s(o) = o**3 - o + 20. Let c be s(y). Let w = c + -22. Calculate n(w).
3
Let o(h) = 4*h - 2. Suppose 0 + 6 = -6*j. Let l be j*(4 - (3 - -3)). Calculate o(l).
6
Let f(x) be the second derivative of x**5/60 - x**4/24 - x**3/2 + 2*x**2 - 8*x. Let b(t) be the first derivative of f(t). Determine b(0).
-3
Let s = -661 - -662. Let j(l) = -2*l**2 - 4*l + 3. Determine j(s).
-3
Let h(m) = -2*m + 1 + 6 + 0*m. Suppose 2*q - 30 = -4*k, -k = -2*k - 2*q + 15. Let y be 27/k + (-46)/115. Determine h(y).
-3
Let m(j) = -j**2 - j - 1. Let r(a) = -2*a**2 - 5*a. Let w(g) = 3*m(g) - r(g). Let l = -16405 - -16407. Determine w(l).
-3
Let v(a) = -a**2 - 2*a - 1. Let y = 245 - 247. What is v(y)?
-1
Let m(r) be the first derivative of 46 + 5*r + 1/2*r**2. Give m(7).
12
Let u(c) = -c**3 - 3*c**2 + c - 5. Let q be u(-4). Let j(s) be the first derivative of s**3/3 - 3*s**2 - 9*s - 46. Determine j(q).
-2
Let b = -20 - -24. Let z(g) = b*g**2 - 2*g**2 - 3*g**2. Give z(-2).
-4
Let m(k) = -k**2 - 11*k - 4. Let q be m(-8). Suppose 2*u + q = -2*u. Let j(r) be the first derivative of -r**2 - r + 20. Determine j(u).
9
Let g(j) be the second derivative of -1/4*j**4 + 0*j**3 + 4*j + 0 - 3*j**2. Let m(k) be the first derivative of g(k). Calculate m(2).
-12
Let o(x) = x**2 + 23*x - 252. Let g be o(8). Let s(d) be the first derivative of d**3/3 + 3*d**2/2 - 2*d + 1. Give s(g).
2
Suppose 0 = 3*i, -11 = -4*n - 2*i + 1. Let y(u) = -2*u**3 + 3*u**2 - u + 2. Let k be y(n). Let g = -22 - k. Let x(q) = q**2 - 6*q - 3. Determine x(g).
-3
Suppose -4*d + 6 = -d. Suppose 10 = -d*y + 8. Let o(s) = 2*s**2 - 4*s - 2. Let h(j) = 5*j**2 - 9*j - 5. Let r(b) = -3*h(b) + 7*o(b). What is r(y)?
1
Suppose -5*k + 294 = -47*k. Let b(g) = -g**2 - 4*g - 7. What is b(k)?
-28
Let i(j) be the second derivative of j**4/12 + j**3 + 3*j**2 + 2*j - 21. Give i(-5).
1
Let q = -226 + 228. Suppose -k = s, -4*s - 19 - 2 = -3*k. Let v(a) = 4 - 1 - 3*a**k - 2 + a**3 - 3*a**q. Give v(-2).
5
Let j(q) be the second derivative of -q**2 + 22*q. Let d(z) = -z - 3. Let y(f) = 4*d(f) - 3*j(f). Let s = -4 - 0. Calculate y(s).
10
Let j(v) be the first derivative of -v**5/30 - 31*v**3/3 - 37. Let m(b) be the third derivati